(-5))/(8/(-2120))?
False
Suppose 2*t - j = 3*j + 38, 5*t = -j + 106. Is 3 a factor of t?
True
Suppose 3*c - 2*q + 20 + 89 = 0, -2*c - 46 = 4*q. Suppose -3*v - 2*g = -v - 98, -3*v + g = -139. Let d = v + c. Is d a multiple of 7?
True
Let r = 140 + 44. Is 27 a factor of r?
False
Let z(v) = -v**3 + 8*v**2 - 11*v + 10. Let u be z(7). Does 13 divide 12/u - (-112)/6?
False
Suppose 2*g + 1 = -1. Let y be -1 + (g - 4*-14). Suppose 0 = 4*u - u - y. Is 9 a factor of u?
True
Let n = 63 + -44. Suppose 5*v + 16 = -n. Let c = v - -12. Does 2 divide c?
False
Suppose 5*x - 11 = -61. Let z be ((-15)/x)/((-3)/(-10)). Suppose b + 3*b - 27 = -3*c, z*c - 28 = -b. Is c a multiple of 5?
True
Let i(x) = x**2 + 2*x - 4. Is i(4) a multiple of 5?
True
Let w be 2/4 - 135/(-2). Suppose 0*o = -2*o + w. Does 17 divide o?
True
Let k(m) = 32*m. Let a be k(-5). Let p = a - -105. Let s = p + 101. Does 14 divide s?
False
Let g(t) = t**3 + 3*t**2 - 2*t - 3. Let c be ((-11)/(-22))/(1/(-6)). Is g(c) a multiple of 3?
True
Suppose 0 = 5*y - 69 - 66. Suppose 273 = -5*h - y. Does 15 divide h/9*(-18)/4?
True
Suppose -3*j - 3*p + 18 = 0, -3*p + 5 + 3 = j. Suppose -28 = -2*r - 2*q, -36 = -3*r - 2*q + j*q. Is 13 a factor of r?
True
Suppose 4*d - 77 = -17. Let m be 6/(-15) - (-411)/d. Is 9 a factor of (30/9)/(6/m)?
False
Suppose -2*z - 120 = -5*l, 4*z = 4*l + 2 - 86. Does 26 divide l?
True
Let h(o) = 7*o + 1. Let l be h(-1). Let y = -2 - l. Suppose -4*n = -28 + y. Is 3 a factor of n?
True
Let l = -10 + 24. Is 14 a factor of l?
True
Let p be 22/(-18) + 6/27. Let h be (3/9)/(p/(-6)). Does 14 divide ((-41)/h)/((-4)/8)?
False
Let o(l) = -6*l - 51. Is 9 a factor of o(-13)?
True
Let d be (-2 - 91/(-3))*6. Let z be (d/(-15))/(4/(-6)). Let g = -7 + z. Is 7 a factor of g?
False
Let y = 123 + -2. Does 13 divide y?
False
Is 4131/63 + (-4)/7 a multiple of 13?
True
Let l(j) = -8 + 4*j + j**2 - 3*j + j. Let f be ((-12)/(-22))/(-3) + (-952)/(-154). Is 20 a factor of l(f)?
True
Is 24 a factor of (-52)/(-2) + 0 + -2?
True
Suppose -16*n + 15*n = -4. Suppose 3*u + 5*d = 191, d - n = -3*d. Does 11 divide u?
False
Let a(s) = s**2 + 7. Let z be a(0). Let x(r) = r - 16. Let y be x(z). Let d = y - -23. Does 14 divide d?
True
Suppose -2*k + 0*i = i - 5, -4*k - 5*i + 13 = 0. Let c = 4 + k. Suppose -3*n = -c*n + 18. Is n a multiple of 2?
True
Let w be 4/(-12) - (-74)/6. Suppose -6*n = -2*n - w. Is 10 a factor of 18 + (-4)/(-6)*n?
True
Let p = -8 - -13. Suppose 15 = 5*a + p. Suppose -7*u = -3*u - 8, -4*u - a = -2*s. Is s a multiple of 5?
True
Suppose -4*r = 4*d - 36, 3*d = 2*r - 1 + 3. Let p = d - 8. Does 11 divide 24/1 - (-8)/p?
True
Suppose -4*y + 317 = -3*z, y + z = 3*z + 83. Does 11 divide y?
True
Let u be 1 - (-3)/(3/2). Let x = u - 2. Is -1 + 1 - (x - 11) a multiple of 5?
True
Suppose i + 94 = 334. Does 40 divide i?
True
Is 10 a factor of (-161)/(-4) + (-6)/96*4?
True
Let d = 446 - 229. Is 19 a factor of d?
False
Is ((-2)/6)/((-1)/102) a multiple of 7?
False
Let d be ((-6)/5)/((-4)/80). Suppose -3*p - 2*p - d = -c, -57 = -2*c + p. Does 10 divide c?
False
Let y be (-8)/6*(-6)/(-2). Let d = -2 - y. Suppose 0*f - 3*f = d*o - 32, 48 = 3*o + 4*f. Is o a multiple of 16?
True
Suppose -66 = -3*z - 27. Let k = z + -8. Is k a multiple of 3?
False
Let j be (12/8)/(2/(-12)). Does 3 divide (-124)/j - (-8)/36?
False
Suppose 7 = 5*x + 3*q - 15, -2*x - 12 = -4*q. Is (-2 + x + -10)*-6 a multiple of 26?
False
Suppose 0 = -2*o + o - k - 2, o - 5*k = -2. Let h(s) be the first derivative of -2*s**2 - 2*s - 1. Does 6 divide h(o)?
True
Let l(r) = 5*r - 4. Does 14 divide l(12)?
True
Let m = -18 - -2. Is (588/m)/(3/(-8)) a multiple of 28?
False
Suppose 0 = -2*g + 7 + 21. Does 7 divide g?
True
Let x(h) = -3*h**2 + 12*h - 9. Let o(a) = 7*a**2 - 25*a + 17. Let t(d) = -2*o(d) - 5*x(d). Is t(13) a multiple of 10?
True
Suppose n - l - 2*l = 18, 0 = -4*n + 4*l + 112. Is n a multiple of 6?
False
Suppose 0*g + 2*g = 0. Suppose u + 17 = -g. Let b = -3 - u. Does 14 divide b?
True
Suppose 5*x - 4 = 6. Is x/(-8) - 186/(-8) a multiple of 6?
False
Let p(h) = h**3 - 12*h**2 - h + 14. Let g be p(12). Let k = g + 0. Is k even?
True
Let t be (3/9)/(2/(-6)). Let b be ((-3)/t)/1 - 1. Suppose -b*n - 6 = -4*n. Is n a multiple of 3?
True
Let p(g) = g - 8. Let h be p(12). Suppose -h*b + 120 = -b. Is b a multiple of 10?
True
Let i(h) = 10*h - 1. Let t = -17 - -21. Is 13 a factor of i(t)?
True
Let a(h) = h**2 - 7*h - 3. Let d = 12 - 4. Let j be a(d). Suppose 0*n = -n + j. Is 2 a factor of n?
False
Suppose 0 = -2*f + 4*g + 86, -18 = -f - 2*g - g. Is f a multiple of 5?
False
Let y = 2 - 29. Let n = y - -55. Does 7 divide n?
True
Suppose 254 + 306 = 4*r. Is r a multiple of 31?
False
Suppose 0*r - 3*r = -33. Let n = 17 + r. Is n a multiple of 14?
True
Let f = 30 + -28. Suppose -d - 5*x - 17 = -x, -4 = -3*d - x. Suppose -d*p - f*p = -150. Does 15 divide p?
True
Let v = -2 + -9. Let p = 4 + v. Is 12 a factor of 3 - (p + 0 + -2)?
True
Suppose c = -3*c + 812. Does 44 divide c?
False
Let f(x) = -3*x. Let c be f(-1). Suppose 0 = -5*n + c*a + 18, -3*n - 4*a + 25 = -9. Does 6 divide n?
True
Suppose 0 = 4*f - 21 - 15. Suppose -9 = -r + f. Does 9 divide r?
True
Suppose -57 = -3*c + 6*c. Let r = c + 57. Is r a multiple of 14?
False
Let r be (-6)/(-4) + 1/2. Suppose 0 + 8 = 8*v. Does 10 divide (r - v)*1*20?
True
Let n = -78 + 56. Let w = n - -47. Is w a multiple of 7?
False
Suppose -65 = -0*p - p - 3*m, p - 66 = -4*m. Is 19 a factor of p?
False
Let p(u) = -u**3 - u**2 + u + 2. Let t be p(-2). Let a(s) = -2*s**3 + s**3 - t*s**2 + 13*s**2 - 7*s. Is a(8) a multiple of 3?
False
Let z = -142 + 76. Suppose -562 = 5*a - 4*m, -4*m = -4*a - 2*m - 452. Let n = z - a. Is 18 a factor of n?
False
Let a = 26 - 82. Let n = -37 - a. Is 9 a factor of n?
False
Let x be (6/(-2))/(3/(-21)). Let k be 6/x + (-52)/(-14). Suppose k*v - 11 = 1. Is 3 a factor of v?
True
Let b be (0 - (-3 + -2)) + 2. Suppose 110 = b*r - 5*r. Is 11 a factor of r?
True
Is 5/(-5 + 10)*145 a multiple of 25?
False
Let g = -10 - -28. Suppose -b - g = -4*b. Is b a multiple of 3?
True
Let p(q) = -q - 9. Let n be p(-8). Let r(b) = -2*b**2 - 2*b - 1. Let w be r(n). Is 5 a factor of 1/(-1)*-5 - w?
False
Let p be (-4 - -5)/(2/8). Suppose -3*n = 5*m - 181, -3*m + 2*n = p*n - 108. Does 19 divide m?
True
Suppose 2 = 3*d - 1. Is 10 a factor of -29*d/(-1)*1?
False
Let g(o) = o + 2. Let d be g(-2). Suppose -q - n - 1 = 0, 0 = 2*n - d*n + 10. Suppose q*y - 4*c = 36, 17 - 64 = -3*y - c. Is y a multiple of 7?
True
Suppose 1 = 4*t - 7. Let g(x) = 3*x**3 - 2*x**2 - 2*x. Is 9 a factor of g(t)?
False
Let q(b) = -2*b**2 - 5*b - 3. Let n be q(-3). Let m(l) = -l**3 - l**2 + 2*l - 1. Let i be m(2). Is (-375)/i - (-4)/n a multiple of 12?
False
Let u(v) = v**2 + 7*v + 9. Let k be u(-6). Is 19 a factor of (k/(-2))/(6/(-112))?
False
Is (2/(-6) + (-136)/(-12))*1 a multiple of 4?
False
Let k(s) = 11*s. Is k(1) a multiple of 11?
True
Let z(j) = j**3 - 4*j**2 + 5*j - 1. Let s be z(4). Let p = 50 - s. Does 31 divide p?
True
Let s be 4 + -3 + 2/(-2). Let a be 4/14 - (-1086)/21. Suppose s = -5*z - h + 22 + 34, 0 = -5*z - 2*h + a. Is z a multiple of 6?
True
Suppose g - 6*g + 280 = 0. Is 6 a factor of g?
False
Let z be -1*1 - (-4 - -1). Let t be z/(-10) - (-964)/20. Suppose 0 = w + w - t. Does 13 divide w?
False
Suppose 5*y + 487 = 3*f, 3*y - 153 = -4*f + 3*f. Does 8 divide f?
False
Suppose -25*g + 20*g = -335. Does 8 divide g?
False
Let y(k) = 2*k**2 + 4*k - 7. Does 37 divide y(-7)?
False
Suppose 4*a - 4 = 3*a. Let n(o) = 8 - 5*o + a*o + 7. Does 5 divide n(8)?
False
Suppose -4*y - 2*p = -12, -2*p + 3*p = 0. Suppose 3*c + 3 = 5*x, x + 3 = -y*c - 0*c. Suppose x = g - 18 + 4. Is 12 a factor of g?
False
Suppose -4*i + 5*k + 123 = 0, -3*i - 4*k - 17 + 148 = 0. Does 11 divide i?
False
Suppose 0*d - 3*d + 12 = 0. Suppose 5*f = 4*u + 15, 3*f + d*u = u + 9. Suppose -10 = -f*p + 2*p. Does 5 divide p?
True
Let t(y) = -y**2 - 6*y - 3. Let f be t(-4). Suppose f*r = -0*r + 50. Suppose -73 = 5*b - r*b - 2*v, 0 = 3*v - 12. Does 8 divide b?
False
Let w(a) = a**2 - 13*a + 6. Let y be w(10). Does 9 divide (9/(-4))/(2/y)?
True
Let l(j) = j**3 + 2*j**2 - 1. Let q be l(1). Suppose 3*u - 3 = 0, -q*d = -u - 16 - 15. Is d a multiple of 11?
False
Suppose -2*m + 1 - 3 = 0. Let o = m 